Let a be w(5). Suppose 4*t = -5*d - 304 + 1613, t - a*d - 301 = 0. What is the tens digit of t?
2
Let d(j) = j**3 - 6*j**2 - 2*j + 16. Let z be d(6). Let n be -2*((z - 2) + 5). What is the units digit of n/(-4) - ((-18)/(-4) - 4)?
3
Let d be (-1)/(-42)*-7 - 197/6. What is the tens digit of (-426)/9*(d + 27)?
8
Suppose -5*p = 5*d - 10*d - 1215, 972 = 4*p + 4*d. What is the hundreds digit of (8/(-16))/(1/(-2)) + p?
2
Let u(h) = 80*h**2 - 152*h + 40. What is the hundreds digit of u(10)?
5
Suppose 2*s = -5*m + 2345, 5*m - 3*s + 985 = 3330. Suppose -j + m = x, -j + 2*x - 1404 = -4*j. What is the tens digit of j?
6
What is the hundreds digit of (-79014)/(-78)*(36 + (-8)/4)?
4
Suppose -4*y + 0*y - 3*d = -35, 0 = -5*d + 25. Let a be y + (-7 - -3) + -7 - 4. What is the units digit of (-686)/(-10) - a/25?
9
Let p = 10700 - -42964. What is the units digit of p?
4
Suppose -4*h = -21*r + 18*r + 116255, 7 = h. What is the ten thousands digit of r?
3
Let c be 3941 + 13/(-3) + 4/3. Suppose 13*j = -c + 16691. What is the units digit of j?
1
Suppose 3*v = -5*q - 18, 3*q + 3*v = 2*v - 14. Let h be ((-504)/49)/q*(0 - -35). Let a = h + 13. What is the tens digit of a?
7
Let x(q) = 3*q - 22. Let c be x(8). Let m(a) = -17*a**2 + 2*a + 3. Let i be m(c). Let o = i + 280. What is the tens digit of o?
1
Let b(s) = -s**3 - 8*s**2 + s + 13. Let x be 26/39 + 52/(-6). Let r be b(x). Suppose 172 = 3*l + y, r*y - 122 = -4*l + 89. What is the tens digit of l?
5
Suppose 65*h = 69*h + 20, -2*h = -s + 3980. What is the thousands digit of s?
3
Suppose 0 = 13*s - 9*s - 5*s + 6041. What is the hundreds digit of s?
0
Suppose -30 = -z + 5*p, 40 = 4*z + z - 3*p. Suppose 10 = 5*i - z. Suppose -3*w - i*k = -57, 5*w - 5*k + 2*k = 55. What is the tens digit of w?
1
Let z(g) = 190*g**3 - g**2 + g - 1. Let w be z(1). Let v(d) = -2*d**3 - 51*d**2 + 140*d + 58. Let y be v(-28). Let o = w - y. What is the units digit of o?
1
Let f(a) = -65*a - 70. Let r be f(5). What is the units digit of (r/4)/(-5*(-4)/(-80))?
5
Let b be 0 + (372/(-3))/(-2). Let d be 78/15 + (62/(-10) - -6). Suppose -2*s + 5*s = 2*c - b, 0 = -d*c - 4*s + 132. What is the units digit of c?
8
Let d(v) be the second derivative of 5*v**3/3 + 3*v**2 + 319*v. Suppose p - 14 + 1 = 4*u, -p - 3*u - 1 = 0. What is the tens digit of d(p)?
5
Let v(l) = 49*l**2 - 27*l - 736. What is the tens digit of v(26)?
8
Let o(a) = 54*a + 971. What is the tens digit of o(39)?
7
What is the units digit of (-2 - (-51)/15)/(10/43850)?
9
Suppose -3*m - 3 = g, 4*g + 5*m = -6 + 1. Suppose g = -3*b + 4*k + 2498, 0 = 5*b + 4*k - 2346 - 1764. What is the units digit of b?
6
Let b(f) = -f**3 - 9*f**2 + 7*f + 8. Suppose -3*v = 28 - 1. Let s be 3 + -8 + 3 + v*1. What is the hundreds digit of b(s)?
1
Let j be (-4)/(-22) - (-845)/11. Let o = j - 26. Suppose o = 3*k + 3*f, k + f + 27 = 2*k. What is the units digit of k?
2
Let g be 20*((-26)/10 + 3). Suppose 0 = g*y - 1723 - 5597. What is the tens digit of y?
1
Let n = 1811 - 659. Suppose -2*x - 2*x - n = -4*m, 5*x = -4*m + 1197. What is the hundreds digit of m?
2
Suppose -2*k - k + r = 14, 3*k - 5*r - 2 = 0. Let v(l) = 12*l**2 - 4*l + 11. Let y be v(k). Suppose -9*q + 1709 = y. What is the tens digit of q?
3
Suppose 4*x + x = 605. Let j = x - 116. What is the units digit of 67 - (-5 - j)/(-5)?
5
Let z(l) = -1. Let p(n) = -3*n + 46. Let d(b) = p(b) - 4*z(b). Let i be d(16). Suppose 91 = i*w - 37. What is the units digit of w?
4
Let o = 251 + -303. Let f = 606 - o. What is the tens digit of f?
5
Suppose 431*w - 7478447 - 13206536 = 0. What is the hundreds digit of w?
9
Let s(f) be the second derivative of f**4/12 - f**3/2 - 3*f**2 + 3*f. Let y be s(5). Let o = 73 + y. What is the tens digit of o?
7
Let c = 509 + -515. Let q(h) = -2*h**3 - 2*h**2 - 12*h + 1. What is the tens digit of q(c)?
3
Suppose 0 = -a - 0*a + 7. Let h be (27135/a)/5 - 4/14. Suppose 0 = -13*b + 8*b + h. What is the tens digit of b?
5
Suppose -738057 = -36*u + 191490 - 226719. What is the thousands digit of u?
9
Let i(b) = -b**2 + 11*b - 9. Let u be 78/10 + 2/10. Let k be i(u). Suppose -k = 3*p, 0 = 5*o + 4*p - 3*p - 425. What is the tens digit of o?
8
Let m be 6/((-190)/(-194) - 1). Let p = 299 + m. What is the units digit of p?
8
Suppose 4*g - 114197 = -4*z - 33553, -z + 3*g = -20161. Suppose 0 = -26*j + 14757 + z. What is the hundreds digit of j?
3
Let u be (7/(-14))/(1/(-2))*0. Suppose 7*h + 36 - 1296 = u. What is the units digit of h?
0
Let v be (-21527)/(-7) - (-24)/(-84). Suppose -v = -11*o + 4086. What is the tens digit of o?
5
Let h(x) = -x**2 + 2*x - 3. Let q be h(22). Let d = -184 - q. Let a = d + -104. What is the units digit of a?
5
Suppose -175*f - 3656 + 380000 + 182956 = 0. What is the thousands digit of f?
3
Suppose -3*o + 11*g + 82395 = 8*g, 0 = -3*o + 2*g + 82387. What is the hundreds digit of o?
4
Suppose -40*f + 31*f + 1665 = 0. Let b = f - -260. What is the units digit of b?
5
Let v = 14691 + 16624. What is the tens digit of v?
1
Suppose 0 = 191*f - 197*f - 6. What is the units digit of (-6)/(f - -19)*-2049?
3
Suppose -13*v - 10 = -8*v, -g + v - 299 = 0. What is the hundreds digit of ((-6404)/14)/(86/g)?
6
Suppose -677*a + 672*a + d + 58256 = 0, 5*a - 58232 = -3*d. What is the ten thousands digit of a?
1
Let y(u) be the second derivative of 3*u**5/20 + u**4/12 - 31*u**3/6 - 7*u**2 + 2*u - 13. What is the units digit of y(7)?
7
Suppose -40*w = -38*w - 8. What is the tens digit of 708 + (-14 - -7) + w?
0
Suppose m - 363 - 1261 = 0. Suppose 27*n = 19*n + m. What is the hundreds digit of n?
2
Let x(l) = -11*l + 14. Let p be (1/2 - -1)/((-15)/140). Let c be x(p). Let g = 266 - c. What is the tens digit of g?
9
Suppose 0 = -2*q - 2 + 10. Suppose 5*g - 36 = -i, 0 = -9*g + 7*g - q*i. Suppose g*w - 1274 = -6*w. What is the tens digit of w?
9
Suppose -779725 = 16*y - 42*y + 337157. What is the ten thousands digit of y?
4
Let r = 20 + -17. Suppose -3*y + 1163 = 2*k, 8*y - r*y - k = 1934. What is the tens digit of y?
8
Let s(w) = 213*w + 5664. What is the units digit of s(-26)?
6
What is the units digit of (-204)/(-1836) + (-125504)/(-9)?
5
Let w(k) = 3*k - k + k**3 + 2*k**2 - 4 - 4*k - 5*k. Let t be w(-3). Suppose 9*s - 47 = t*s. What is the units digit of s?
7
Let r(n) = -21*n - 41*n - 8 + 16*n. Suppose -z - 1 = 0, 3*b - 3*z + 5 = z. What is the hundreds digit of r(b)?
1
Let u(m) = m**3 + 67*m**2 + 15*m - 197. What is the thousands digit of u(-36)?
9
Let v be ((-1659)/(-6))/(45/(-10) - -4). Let t be 2/3 - v/21. What is the units digit of (-6)/t + (-1721)/(-9)?
1
Let u = 273 + -268. Suppose u*v - 196 = -136. What is the units digit of v?
2
Let m(p) = 99*p + 20. Let t be m(-9). Let u = t - -1315. What is the tens digit of u?
4
Let d(a) = a**2 + a - 2. Let g be d(2). Suppose -5 = -g*f - 1061. What is the units digit of (-3)/(-6)*f/(-2)?
6
Let v = -99 + 101. Suppose -4*t = -6*f + 5*f - 2188, v*f + 8 = 0. Suppose -3*y = r - 409, 2*r - t = -y - 3*y. What is the hundreds digit of y?
1
Let s be 2 - (-24)/36*30. Suppose 2*m = -3*m - 4*u + 333, 5*u = 4*m - 250. Suppose s = v - m. What is the units digit of v?
7
Let x = -1547 + 2493. Let f = x + -215. What is the tens digit of f?
3
Suppose f - 2 = -q, -3*q + 5*f = 6 + 12. Let k be (21/2)/(q*3/(-30)). What is the tens digit of (-5)/(k/(-2408)) - 4/6?
1
Let f = 35 + -33. Suppose -f*j + 19 = 13. Suppose -w - 101 = -3*i, 2*i = 3*i + j*w - 17. What is the units digit of i?
2
Suppose 3*v = -21, 3*v = 18*c - 14*c - 86321. What is the ten thousands digit of c?
2
Suppose -i = -5*q + 604 + 14046, -2*i = -10. What is the units digit of q?
1
Let i = 50 + -43. Suppose 0 = c - 3*n + i - 79, -n - 3 = 0. What is the tens digit of c?
6
Suppose -60870 = -6*m - 15762. What is the thousands digit of m?
7
Let k(s) = 9*s**3 - s**2 - 59*s + 100. What is the tens digit of k(15)?
6
Let k(a) = 2275*a + 1960. What is the hundreds digit of k(17)?
6
Let w = 48 + -51. Let i be 72/39 + (w - (-205)/65). Suppose -y + i*y = 81. What is the units digit of y?
1
Let n be 2/9 - (-141360)/1026. What is the units digit of (-45)/(-6)*19/(57/n)?
5
Suppose 4*u - 18*u - 2884 = 0. Let y = u - -678. What is the tens digit of y?
7
Suppose 51*j - 91*j + 380952 = 108*j. What is the tens digit of j?
7
Suppose -m - 5*o = -34969 + 1381, 0 = -o 